{"id":78,"date":"2021-06-09T17:35:10","date_gmt":"2021-06-09T17:35:10","guid":{"rendered":"https:\/\/www.dekonstruktive-bildungspraxis.de\/?page_id=78"},"modified":"2022-09-12T08:24:49","modified_gmt":"2022-09-12T08:24:49","slug":"mediation","status":"publish","type":"page","link":"https:\/\/www.dekonstruktive-bildungspraxis.de\/index.php\/mediation\/","title":{"rendered":"Mediation"},"content":{"rendered":"\n<p>Konflikte geh\u00f6ren zwar zum Leben dazu, aber nicht immer lassen sie sich allein gut bew\u00e4ltigen. Vielf\u00e4ltige Faktoren k\u00f6nnen uns hindern, in Streitereien, Diskussionen die richtigen Worte zu finden, Haltung zu bewahren. Manchmal l\u00e4sst uns die Angst das Falsche zu sagen, verstummen, so dass es unm\u00f6glich scheint, \u00fcberhaupt noch miteinander ins Gespr\u00e4ch zu kommen. Es gibt verschiedene Bed\u00fcrfnisse oder Interessen, die unvereinbar scheinen.  Konflikte sind Stress und mit zunehmendem Stress verzerrt sich auch unsere Wahrnehmung, so dass wir das Problem oft nur noch von einer Seite betrachten.<\/p>\n\n\n\n<p>Mediation ist eine Methode der vermittelnden Konfliktbearbeitung, die den Stress rausnehmen, die Situation entspannen kann. Sie bietet  eine Struktur an, die es den Konfliktparteien erm\u00f6glicht, mit Abstand auf das Problem zu schauen, eigene Bed\u00fcrfnisse, Gef\u00fchle und Interessen zu formulieren und verschiedene Persepktiven zuzulassen.  <\/p>\n\n\n\n<p>Das Verfahren der Mediation bietet den Beteiligten in einem Konflikt eine Struktur, in denen die Einzelnen  Geh\u00f6r und Verst\u00e4ndnis finden k\u00f6nnen, um gemeinsam an einer L\u00f6sung ihres Problems zu arbeiten.  Die Mediator:in\/der Mediator* sorgt f\u00fcr den strukturierten Rahmen, achtet auf eine ausgewogene Beteiligung und unterst\u00fctzt gegenseitiges Verstehen. <\/p>\n\n\n\n<p>Der Mediationsprozess ist ein ergebnisoffener Prozess. Die L\u00f6sung eines Konfliktes obliegt den Konfliktparteien. Die Mediator:in hilft die verschiedenen Knotenpunkte zu l\u00f6sen &#8211; wie die F\u00e4den wieder aufgenommen werden, entscheiden die Konfliktparteien. <\/p>\n\n\n\n<p>Die Arbeit ist vertraulich und beruht auf der Freiwilligkeit der Mediand:innen. <\/p>\n\n\n\n<p>Ich arbeite seit 1998 im Bereich der Konfliktbearbeitung, von der Ausbildung zu Streitschlichter:innen an Schulen bis zur Bearbeitung von Konflikten in Teams und Gruppen. <\/p>\n\n\n\n<p>Seit 2006 bin ich Mitglied der Regionalgruppe Hamburg des Bundesverbandes Mediation e.V. <\/p>\n\n\n\n<p>Ich biete Mediation in Pr\u00e4senz und online an<\/p>\n\n\n\n<p>F\u00fcr weitere Fragen zur Vorgehensweise und Kosten wenden Sie sich gern an mich:<\/p>\n\n\n\n<p>Melanie Stamer<\/p>\n\n\n\n<p>E-Mail: info(at)dekonstruktive-bildungspraxis.de<\/p>\n\n\n\n<p>Vielen Dank und bleiben Sie gesund!<\/p>\n\n\n\n<p><\/p>\n","protected":false},"excerpt":{"rendered":"<p>Konflikte geh\u00f6ren zwar zum Leben dazu, aber nicht immer lassen sie sich allein gut bew\u00e4ltigen. Vielf\u00e4ltige Faktoren k\u00f6nnen uns hindern, in Streitereien, Diskussionen die richtigen Worte zu finden, Haltung zu bewahren. Manchmal l\u00e4sst uns die Angst das Falsche zu sagen, verstummen, so dass es unm\u00f6glich scheint, \u00fcberhaupt noch miteinander ins Gespr\u00e4ch zu kommen. Es gibt [&hellip;]<\/p>\n","protected":false},"author":1,"featured_media":0,"parent":0,"menu_order":0,"comment_status":"closed","ping_status":"closed","template":"","meta":{"footnotes":""},"class_list":["post-78","page","type-page","status-publish","hentry"],"_links":{"self":[{"href":"https:\/\/www.dekonstruktive-bildungspraxis.de\/index.php\/wp-json\/wp\/v2\/pages\/78","targetHints":{"allow":["GET"]}}],"collection":[{"href":"https:\/\/www.dekonstruktive-bildungspraxis.de\/index.php\/wp-json\/wp\/v2\/pages"}],"about":[{"href":"https:\/\/www.dekonstruktive-bildungspraxis.de\/index.php\/wp-json\/wp\/v2\/types\/page"}],"author":[{"embeddable":true,"href":"https:\/\/www.dekonstruktive-bildungspraxis.de\/index.php\/wp-json\/wp\/v2\/users\/1"}],"replies":[{"embeddable":true,"href":"https:\/\/www.dekonstruktive-bildungspraxis.de\/index.php\/wp-json\/wp\/v2\/comments?post=78"}],"version-history":[{"count":10,"href":"https:\/\/www.dekonstruktive-bildungspraxis.de\/index.php\/wp-json\/wp\/v2\/pages\/78\/revisions"}],"predecessor-version":[{"id":181,"href":"https:\/\/www.dekonstruktive-bildungspraxis.de\/index.php\/wp-json\/wp\/v2\/pages\/78\/revisions\/181"}],"wp:attachment":[{"href":"https:\/\/www.dekonstruktive-bildungspraxis.de\/index.php\/wp-json\/wp\/v2\/media?parent=78"}],"curies":[{"name":"wp","href":"https:\/\/api.w.org\/{rel}","templated":true}]}}