{"id":77,"date":"2021-06-09T17:35:10","date_gmt":"2021-06-09T17:35:10","guid":{"rendered":"https:\/\/www.dekonstruktive-bildungspraxis.de\/?page_id=77"},"modified":"2021-06-24T08:43:43","modified_gmt":"2021-06-24T08:43:43","slug":"diskriminierungskritische-bildungsarbeit","status":"publish","type":"page","link":"https:\/\/www.dekonstruktive-bildungspraxis.de\/index.php\/diskriminierungskritische-bildungsarbeit\/","title":{"rendered":"Diskriminierungskritische Bildungsarbeit\/Anti-Bias Arbeit"},"content":{"rendered":"\n<div class=\"wp-block-group\"><div class=\"wp-block-group__inner-container is-layout-flow wp-block-group-is-layout-flow\">\n<div class=\"wp-block-group\"><div class=\"wp-block-group__inner-container is-layout-flow wp-block-group-is-layout-flow\">\n<p>Der englische Ausdruck &#8218;bias&#8216; &#8211; gesprochen: beies &#8211; bedeutet Schieflage, Einseitigkeit, Voreingenommenheit. Anfang der 1980er Jahre in Kalifornien, USA von Louise Derman-Sparks, Carol Brunsson Phillips und anderen entwickelt, f\u00fchrte ein Weg des Ansatzes 1998 \u00fcber S\u00fcdafrika nach Hamburg. (vgl. Derman-Sparks\/Brunson Phillips Day 1998; Stamer, 2004)<\/p>\n\n\n\n<p>Im Rahmen des Austausch-Programmes &#8218;Vom S\u00fcden lernen&#8216;  &#8211; einer Kooperation von Inkota e.V. Berlin und dem IKM e.V.  Hamburg stellten s\u00fcdafrikanische Trainer:innen den Anti-Bias Ansatz 1998 erstmals in Hamburg und Berlin vor.<\/p>\n\n\n\n<p> Der Ansatz ist also nicht unbedingt &#8217;neu&#8216;. Die Wirkungen dieser reflexiven und dekonstruierenden Arbeit kann aber durchaus als <em>erneuernd<\/em> beschrieben werden, wenn es darum geht, \u201edie Welt anders betrachten zu k\u00f6nnen\u201c oder \u201eneue Welten wahrzunehmen\u201c &#8211; in Bezug zu mir selbst und in Bezug zu Anderen.<\/p>\n<\/div><\/div>\n\n\n\n<div class=\"wp-block-group\"><div class=\"wp-block-group__inner-container is-layout-flow wp-block-group-is-layout-flow\">\n<p>Aufgabe und Zielsetzung der diskrimininierungskritischen bzw. -sensiblen Bildungsarbeit ist es, Schief\u00adlagen, Einseitigkeiten in eine Balance zu bringen und Diskriminierung zu vermeiden. <\/p>\n\n\n\n<p>Der Anti-Bias Ansatz geh\u00f6rt f\u00fcr mich nach wie vor zu den \u00fcberzeugendsten Ans\u00e4tzen diskriminierungskritischer Bildungsarbeit, weil er auf eine wertsch\u00e4tzende Weise Diskriminierungserfahrungen und die Verstrickung der einzelnen Menschen in welt-gesellschaftliche Machtverh\u00e4ltnisse thematisiert und bearbeitet. <\/p>\n<\/div><\/div>\n\n\n\n<div class=\"wp-block-group\"><div class=\"wp-block-group__inner-container is-layout-flow wp-block-group-is-layout-flow\">\n<p>Jeder Mensch hat Vorurteile. <\/p>\n\n\n\n<p>Die Auswirkungen von Vorurteilen k\u00f6nnen je nach dem wie sehr sich ein Mensch in ihrem\/_seinem Tun von ihnen leiten l\u00e4sst und wie gro\u00df die Einflussm\u00f6glichkeiten sind sehr unterschiedlich sein. Andere werden dadurch bevorzugt oder diskriminiert \u2013 auch wenn das nicht beabsichtigt ist.<\/p>\n<\/div><\/div>\n\n\n\n<p>Ausgangspunkt der gemeinsamen Arbeit sind die pers\u00f6nlichen Erfahrungen: Eigene Denk- und Handlungsmuster werden in einen gesellschaftlichen Zusammenhang gesetzt und &#8218;Selbstverst\u00e4ndliches&#8216;, &#8218;Normales&#8216; hinterfragt. So k\u00f6nnen die verschiedenen Realit\u00e4ten, die Menschen innerhalb einer Gesellschaft erleben, f\u00fcr andere bewusst gemacht werden.<\/p>\n\n\n\n<p>Die Sensibilisierung f\u00fcr Machtverh\u00e4ltnisse und ihre subtilen Wirkungsweisen, sowie die Reflektion der eigenen Position in der Gesell\u00adschaft macht deutlich, wie Menschen auf unterschiedliche Weise dazu beitragen, Diskriminierung zu reproduzieren.<\/p>\n\n\n\n<p>Gemeinsam werden Handlungsoptionen entwickelt, die \u2013 die pers\u00f6nlichen St\u00e4rken und Einflussm\u00f6glichkeiten im Blick \u2013 ausgrenzendes Handeln vermeiden.<\/p>\n\n\n\n<p><strong>Was ich anbiete&#8230;.<\/strong><br>Ich biete Einf\u00fchrungen, Workshops, Weiterbildungen, Projekt- und Prozessbegleitungen zur diskriminierungskritischen Bildungsarbeit, Konfliktbearbeitung, im schulischen und au\u00dferschulischen Kontext f\u00fcr Sch\u00fcler_innen, Multiplikator:innen und Organisationen an.<\/p>\n\n\n\n<p>Zielgruppen: Kinder, Jugendliche und Erwachsene<\/p>\n\n\n\n<p>Das Format wird der Zielgruppe entsprechend angepasst. <\/p>\n\n\n\n<p>Die Arbeitsweise ist grunds\u00e4tzlich erfahrungs- und prozessorientiert. <\/p>\n\n\n\n<p>Vielen Dank f\u00fcr Ihr Interesse.<\/p>\n\n\n\n<p>Kontakt: Melanie Stamer<\/p>\n\n\n\n<p>E-Mail: info(at)dekonstruktive-bildungspraxis.de<\/p>\n\n\n\n<p><\/p>\n<\/div><\/div>\n\n\n\n<div class=\"wp-block-group\"><div class=\"wp-block-group__inner-container is-layout-flow wp-block-group-is-layout-flow\">\n<p><\/p>\n<\/div><\/div>\n\n\n\n<div class=\"wp-block-group\"><div class=\"wp-block-group__inner-container is-layout-flow wp-block-group-is-layout-flow\">\n<p><\/p>\n<\/div><\/div>\n\n\n\n<div class=\"wp-block-group\"><div class=\"wp-block-group__inner-container is-layout-flow wp-block-group-is-layout-flow\">\n<div class=\"wp-block-group\"><div class=\"wp-block-group__inner-container is-layout-flow wp-block-group-is-layout-flow\">\n<p><\/p>\n<\/div><\/div>\n<\/div><\/div>\n\n\n\n<div class=\"wp-block-group\"><div class=\"wp-block-group__inner-container is-layout-flow wp-block-group-is-layout-flow\">\n<p><\/p>\n<\/div><\/div>\n\n\n\n<div class=\"wp-block-group\"><div class=\"wp-block-group__inner-container is-layout-flow wp-block-group-is-layout-flow\">\n<p><\/p>\n<\/div><\/div>\n\n\n\n<div class=\"wp-block-group\"><div class=\"wp-block-group__inner-container is-layout-flow wp-block-group-is-layout-flow\">\n<p><\/p>\n<\/div><\/div>\n\n\n\n<div class=\"wp-block-group\"><div class=\"wp-block-group__inner-container is-layout-flow wp-block-group-is-layout-flow\">\n<p><\/p>\n<\/div><\/div>\n\n\n\n<div class=\"wp-block-group\"><div class=\"wp-block-group__inner-container is-layout-flow wp-block-group-is-layout-flow\">\n<p><\/p>\n<\/div><\/div>\n\n\n\n<div class=\"wp-block-group\"><div class=\"wp-block-group__inner-container is-layout-flow wp-block-group-is-layout-flow\">\n<p><\/p>\n<\/div><\/div>\n\n\n\n<div class=\"wp-block-group\"><div class=\"wp-block-group__inner-container is-layout-flow wp-block-group-is-layout-flow\">\n<p><\/p>\n<\/div><\/div>\n\n\n\n<p><\/p>\n\n\n\n<p><\/p>\n\n\n\n<p><\/p>\n","protected":false},"excerpt":{"rendered":"<p>Der englische Ausdruck &#8218;bias&#8216; &#8211; gesprochen: beies &#8211; bedeutet Schieflage, Einseitigkeit, Voreingenommenheit. Anfang der 1980er Jahre in Kalifornien, USA von Louise Derman-Sparks, Carol Brunsson Phillips und anderen entwickelt, f\u00fchrte ein Weg des Ansatzes 1998 \u00fcber S\u00fcdafrika nach Hamburg. (vgl. Derman-Sparks\/Brunson Phillips Day 1998; Stamer, 2004) Im Rahmen des Austausch-Programmes &#8218;Vom S\u00fcden lernen&#8216; &#8211; einer Kooperation [&hellip;]<\/p>\n","protected":false},"author":1,"featured_media":0,"parent":0,"menu_order":0,"comment_status":"closed","ping_status":"closed","template":"","meta":{"footnotes":""},"class_list":["post-77","page","type-page","status-publish","hentry"],"_links":{"self":[{"href":"https:\/\/www.dekonstruktive-bildungspraxis.de\/index.php\/wp-json\/wp\/v2\/pages\/77","targetHints":{"allow":["GET"]}}],"collection":[{"href":"https:\/\/www.dekonstruktive-bildungspraxis.de\/index.php\/wp-json\/wp\/v2\/pages"}],"about":[{"href":"https:\/\/www.dekonstruktive-bildungspraxis.de\/index.php\/wp-json\/wp\/v2\/types\/page"}],"author":[{"embeddable":true,"href":"https:\/\/www.dekonstruktive-bildungspraxis.de\/index.php\/wp-json\/wp\/v2\/users\/1"}],"replies":[{"embeddable":true,"href":"https:\/\/www.dekonstruktive-bildungspraxis.de\/index.php\/wp-json\/wp\/v2\/comments?post=77"}],"version-history":[{"count":11,"href":"https:\/\/www.dekonstruktive-bildungspraxis.de\/index.php\/wp-json\/wp\/v2\/pages\/77\/revisions"}],"predecessor-version":[{"id":132,"href":"https:\/\/www.dekonstruktive-bildungspraxis.de\/index.php\/wp-json\/wp\/v2\/pages\/77\/revisions\/132"}],"wp:attachment":[{"href":"https:\/\/www.dekonstruktive-bildungspraxis.de\/index.php\/wp-json\/wp\/v2\/media?parent=77"}],"curies":[{"name":"wp","href":"https:\/\/api.w.org\/{rel}","templated":true}]}}